{"version":"1.0","provider_name":"IF Barcelona","provider_url":"https:\/\/ifbarcelona.cat\/en","title":"(CAT) Drapart, festival de l'objecte perdut &#8211; IF Barcelona","type":"rich","width":600,"height":338,"html":"<blockquote class=\"wp-embedded-content\" data-secret=\"vpqcZyIpuj\"><a href=\"https:\/\/ifbarcelona.cat\/en\/drapart-festival-de-lobjecte-perdut\/\">(CAT) Drapart, festival de l&#8217;objecte perdut<\/a><\/blockquote><iframe sandbox=\"allow-scripts\" security=\"restricted\" src=\"https:\/\/ifbarcelona.cat\/en\/drapart-festival-de-lobjecte-perdut\/embed\/#?secret=vpqcZyIpuj\" width=\"600\" height=\"338\" title=\"&#8220;(CAT) Drapart, festival de l&#8217;objecte perdut&#8221; &#8212; IF Barcelona\" data-secret=\"vpqcZyIpuj\" frameborder=\"0\" marginwidth=\"0\" marginheight=\"0\" scrolling=\"no\" class=\"wp-embedded-content\"><\/iframe><script type=\"text\/javascript\">\n\/* <![CDATA[ *\/\n\/*! This file is auto-generated *\/\n!function(d,l){\"use strict\";l.querySelector&&d.addEventListener&&\"undefined\"!=typeof URL&&(d.wp=d.wp||{},d.wp.receiveEmbedMessage||(d.wp.receiveEmbedMessage=function(e){var t=e.data;if((t||t.secret||t.message||t.value)&&!\/[^a-zA-Z0-9]\/.test(t.secret)){for(var s,r,n,a=l.querySelectorAll('iframe[data-secret=\"'+t.secret+'\"]'),o=l.querySelectorAll('blockquote[data-secret=\"'+t.secret+'\"]'),c=new RegExp(\"^https?:$\",\"i\"),i=0;i<o.length;i++)o[i].style.display=\"none\";for(i=0;i<a.length;i++)s=a[i],e.source===s.contentWindow&&(s.removeAttribute(\"style\"),\"height\"===t.message?(1e3<(r=parseInt(t.value,10))?r=1e3:~~r<200&&(r=200),s.height=r):\"link\"===t.message&&(r=new URL(s.getAttribute(\"src\")),n=new URL(t.value),c.test(n.protocol))&&n.host===r.host&&l.activeElement===s&&(d.top.location.href=t.value))}},d.addEventListener(\"message\",d.wp.receiveEmbedMessage,!1),l.addEventListener(\"DOMContentLoaded\",function(){for(var e,t,s=l.querySelectorAll(\"iframe.wp-embedded-content\"),r=0;r<s.length;r++)(t=(e=s[r]).getAttribute(\"data-secret\"))||(t=Math.random().toString(36).substring(2,12),e.src+=\"#?secret=\"+t,e.setAttribute(\"data-secret\",t)),e.contentWindow.postMessage({message:\"ready\",secret:t},\"*\")},!1)))}(window,document);\n\/\/# sourceURL=https:\/\/ifbarcelona.cat\/wp-includes\/js\/wp-embed.min.js\n\/* ]]> *\/\n<\/script>\n","thumbnail_url":"https:\/\/ifbarcelona.cat\/wp-content\/uploads\/2015\/12\/6_llonovoy1.jpg_356955165.jpg","thumbnail_width":606,"thumbnail_height":420,"description":"Sorry, this entry is only available in CAT. Ha estat necessari que desapareguessin els drapaires perqu\u00e8 se&#8217;n pogu\u00e9s copsar la po\u00e8tica, el seu valor art\u00edstic. Quan ning\u00fa no parlava de reciclatge, quan no existia un coneixement del reciclatge, qui feia la funci\u00f3 de recollir objectes en des\u00fas eren els drapaires. No importava el material: roba, [&hellip;]"}

Sorry, this entry is only available in CAT. Ha estat necessari que desapareguessin els drapaires perquè se&#8217;n pogués copsar la poètica, el seu valor artístic. Quan ningú no parlava de reciclatge, quan no existia un coneixement del reciclatge, qui feia la funció de recollir objectes en desús eren els drapaires. No importava el material: roba, [&hellip;]
