{"version":"1.0","provider_name":"IF Barcelona","provider_url":"https:\/\/ifbarcelona.cat\/es","title":"DANZA DE OBJETOS. TALLER CON FEDERICA PORELLO &#8211; IF Barcelona","type":"rich","width":600,"height":338,"html":"<blockquote class=\"wp-embedded-content\" data-secret=\"3a8iGrtDPK\"><a href=\"https:\/\/ifbarcelona.cat\/es\/programacio\/taller-federica-porello\/\">DANZA DE OBJETOS. TALLER CON FEDERICA PORELLO<\/a><\/blockquote><iframe sandbox=\"allow-scripts\" security=\"restricted\" src=\"https:\/\/ifbarcelona.cat\/es\/programacio\/taller-federica-porello\/embed\/#?secret=3a8iGrtDPK\" width=\"600\" height=\"338\" title=\"\u00abDANZA DE OBJETOS. TALLER CON FEDERICA PORELLO\u00bb \u2014 IF Barcelona\" data-secret=\"3a8iGrtDPK\" frameborder=\"0\" marginwidth=\"0\" marginheight=\"0\" scrolling=\"no\" class=\"wp-embedded-content\"><\/iframe><script type=\"text\/javascript\">\n\/* <![CDATA[ *\/\n\/*! This file is auto-generated *\/\n!function(d,l){\"use strict\";l.querySelector&&d.addEventListener&&\"undefined\"!=typeof URL&&(d.wp=d.wp||{},d.wp.receiveEmbedMessage||(d.wp.receiveEmbedMessage=function(e){var t=e.data;if((t||t.secret||t.message||t.value)&&!\/[^a-zA-Z0-9]\/.test(t.secret)){for(var s,r,n,a=l.querySelectorAll('iframe[data-secret=\"'+t.secret+'\"]'),o=l.querySelectorAll('blockquote[data-secret=\"'+t.secret+'\"]'),c=new RegExp(\"^https?:$\",\"i\"),i=0;i<o.length;i++)o[i].style.display=\"none\";for(i=0;i<a.length;i++)s=a[i],e.source===s.contentWindow&&(s.removeAttribute(\"style\"),\"height\"===t.message?(1e3<(r=parseInt(t.value,10))?r=1e3:~~r<200&&(r=200),s.height=r):\"link\"===t.message&&(r=new URL(s.getAttribute(\"src\")),n=new URL(t.value),c.test(n.protocol))&&n.host===r.host&&l.activeElement===s&&(d.top.location.href=t.value))}},d.addEventListener(\"message\",d.wp.receiveEmbedMessage,!1),l.addEventListener(\"DOMContentLoaded\",function(){for(var e,t,s=l.querySelectorAll(\"iframe.wp-embedded-content\"),r=0;r<s.length;r++)(t=(e=s[r]).getAttribute(\"data-secret\"))||(t=Math.random().toString(36).substring(2,12),e.src+=\"#?secret=\"+t,e.setAttribute(\"data-secret\",t)),e.contentWindow.postMessage({message:\"ready\",secret:t},\"*\")},!1)))}(window,document);\n\/\/# sourceURL=https:\/\/ifbarcelona.cat\/wp-includes\/js\/wp-embed.min.js\n\/* ]]> *\/\n<\/script>\n","thumbnail_url":"https:\/\/ifbarcelona.cat\/wp-content\/uploads\/2020\/12\/FPXM-Wewood_0517hd\u220fTristan-Perez-Martin-1024x1024.jpg","thumbnail_width":1024,"thumbnail_height":1024,"description":"Clic aqu\u00ed para inscribirte Federica Porello ha elaborado, en estos \u00faltimos a\u00f1os, un \u00abvocabulario b\u00e1sico\u00bb que implica tanto la presencia de objetos inanimados como de pautas para la improvisaci\u00f3n del movimiento enfocadas al estudio de la musicalidad del gesto. La tensi\u00f3n entre la materialidad de las cosas y la inmaterialidad de la po\u00e9tica gestual se [&hellip;]"}

Clic aquí para inscribirte Federica Porello ha elaborado, en estos últimos años, un «vocabulario básico» que implica tanto la presencia de objetos inanimados como de pautas para la improvisación del movimiento enfocadas al estudio de la musicalidad del gesto. La tensión entre la materialidad de las cosas y la inmaterialidad de la poética gestual se [&hellip;]
